prime factors of 53056326?
2, 3, 47, 188143
List the prime factors of 473181190.
2, 5, 47318119
What are the prime factors of 53981561?
53981561
What are the prime factors of 4678802547?
3, 811, 1923059
What are the prime factors of 70056718?
2, 43, 59, 13807
List the prime factors of 57713815.
5, 11542763
List the prime factors of 129151312.
2, 17, 37, 41, 313
What are the prime factors of 2709211813?
7, 11, 29, 353, 491
What are the prime factors of 1901903748?
2, 3, 37, 73, 58679
What are the prime factors of 432701225?
5, 11, 229, 6871
What are the prime factors of 619697917?
619697917
What are the prime factors of 456439813?
1619, 281927
List the prime factors of 14443774.
2, 1571, 4597
List the prime factors of 1077846488.
2, 47, 2866613
What are the prime factors of 130912981?
7883, 16607
List the prime factors of 43622904.
2, 3, 13, 23, 6079
List the prime factors of 850221106.
2, 7, 60730079
List the prime factors of 154817338.
2, 13, 5954513
What are the prime factors of 128409695?
5, 19, 439, 3079
What are the prime factors of 5544148820?
2, 5, 7, 37, 28927
What are the prime factors of 514752456?
2, 3, 4127, 5197
List the prime factors of 1374028039.
41, 863, 38833
List the prime factors of 664214046.
2, 3, 19, 1381, 4219
What are the prime factors of 1218756066?
2, 3, 11, 18466001
List the prime factors of 134417268.
2, 3, 241, 15493
What are the prime factors of 1857553432?
2, 7, 33170597
What are the prime factors of 1268425757?
1268425757
List the prime factors of 95533783.
95533783
What are the prime factors of 18816911?
29, 648859
What are the prime factors of 59623071?
3, 127, 156491
List the prime factors of 1551279811.
1551279811
List the prime factors of 3170952726.
2, 3, 71, 131, 56821
What are the prime factors of 200010742?
2, 281, 355891
List the prime factors of 160705155.
3, 5, 13, 313, 2633
What are the prime factors of 61904334?
2, 3, 31, 59, 5641
What are the prime factors of 24627796?
2, 257, 23957
List the prime factors of 7980992.
2, 124703
What are the prime factors of 464826570?
2, 3, 5, 13, 67, 17789
What are the prime factors of 378605331?
3, 13, 449, 7207
What are the prime factors of 149327096?
2, 157, 118891
List the prime factors of 1742836843.
11, 158439713
What are the prime factors of 179667854?
2, 89833927
What are the prime factors of 2180298449?
7, 59, 1051, 5023
What are the prime factors of 640186041?
3, 11, 887, 21871
What are the prime factors of 529219049?
179, 2956531
List the prime factors of 87385820.
2, 5, 4369291
List the prime factors of 357904769.
269, 1330501
List the prime factors of 48381631.
48381631
What are the prime factors of 8686207?
8686207
What are the prime factors of 101674598?
2, 50837299
What are the prime factors of 777210183?
3, 86356687
List the prime factors of 871413011.
7, 37, 480647
List the prime factors of 762115419.
3, 13, 23, 67, 1409
List the prime factors of 40559197.
7, 29, 199799
List the prime factors of 114475024.
2, 103, 69463
List the prime factors of 295942162.
2, 10531, 14051
What are the prime factors of 5352765212?
2, 1338191303
List the prime factors of 20199700.
2, 5, 201997
What are the prime factors of 672583755?
3, 5, 19, 571, 4133
What are the prime factors of 4800977765?
5, 960195553
What are the prime factors of 1218619635?
3, 5, 79, 571, 1801
What are the prime factors of 28506373?
7, 499, 8161
List the prime factors of 247945772.
2, 61986443
List the prime factors of 131453745.
3, 5, 157, 55819
What are the prime factors of 424590932?
2, 106147733
List the prime factors of 260038769.
19, 41, 17569
List the prime factors of 9308772.
2, 3, 11, 2137
What are the prime factors of 1006289782?
2, 503144891
What are the prime factors of 251804820?
2, 3, 5, 4196747
List the prime factors of 112515376.
2, 131, 53681
What are the prime factors of 2180507081?
43, 50709467
What are the prime factors of 150407600?
2, 5, 7, 53717
List the prime factors of 3152429256.
2, 3, 131351219
List the prime factors of 2067307733.
19717, 104849
What are the prime factors of 421220056?
2, 52652507
List the prime factors of 742418.
2, 229, 1621
List the prime factors of 225629028.
2, 3, 19, 329867
List the prime factors of 1263625873.
1263625873
What are the prime factors of 4109024183?
11, 2153, 173501
List the prime factors of 426995004.
2, 3, 35582917
What are the prime factors of 736370147?
17, 43315891
What are the prime factors of 169127994?
2, 3, 7, 4026857
List the prime factors of 1411415220.
2, 3, 5, 23523587
List the prime factors of 249075694.
2, 7, 23, 43, 17989
List the prime factors of 8194042155.
3, 5, 13, 42020729
What are the prime factors of 42309613?
42309613
List the prime factors of 369555602.
2, 13, 14213677
What are the prime factors of 8689916148?
2, 3, 724159679
List the prime factors of 1847903738.
2, 31, 97, 307267
What are the prime factors of 326833108?
2, 7, 11672611
List the prime factors of 145305229.
145305229
What are the prime factors of 142360526?
2, 7, 11, 924419
List the prime factors of 544922610.
2, 3, 5, 109, 166643
List the prime factors of 1192855487.
1192855487
What are the prime factors of 1439834?
2, 11, 65447
What are the prime factors of 322355973?
3, 107451991
List the prime factors of 28702591.
97, 295903
List the prime factors of 145199202.
2, 3, 373, 64879
What are the prime factors of 443961981?
3, 41, 1203149
List the prime factors of 127415455.
5, 977, 26083
List the prime factors of 18456736.
2, 73, 7901
List the prime factors of 58338691.
29, 281, 7159
List the prime factors of 45533275.
5, 1821331
List the prime factors of 116645352.
2, 3, 47, 103409
List the prime factors of 325186581.
3, 23, 743, 6343
What are the prime factors of 414039901?
11, 1721, 21871
What are the prime factors of 4892592500?
2, 5, 1957037
List the prime factors of 3111217435.
5, 622243487
List the prime factors of 12785792.
2, 23, 43, 101
What are the prime factors of 249474265?
5, 233, 214141
List the prime factors of 1078403789.
17, 31, 120371
What are the prime factors of 1585553355?
3, 5, 3221, 10939
What are the prime factors of 479221943?
18899, 25357
List the prime factors of 1122690182.
2, 43, 13054537
What are the prime factors of 2530845298?
2, 11149, 113501
What are the prime factors of 218208155?
5, 11, 53, 74857
What are the prime factors of 58749148?
2, 14687287
What are the prime factors of 1847242543?
79, 107, 218531
List the prime factors of 1295824926.
2, 3, 11, 41, 478871
What are the prime factors of 152603148?
2, 3, 41, 310169
List the prime factors of 249903784.
2, 13, 2402921
What are the prime factors of 1013331537?
3, 157, 717149
List the prime factors of 182395428.
2, 3, 23, 660853
List the prime factors of 894930101.
13, 593, 116089
List the prime factors of 97339863.
3, 29, 41, 941
List the prime factors of 57373381.
13, 4413337
List the prime factors of 77508347.
7, 67, 23609
What are the prime factors of 148723733?
2063, 72091
List the prime factors of 218912077.
17, 12877181
What are the prime factors of 54245064?
2, 3, 2260211
What are the prime factors of 913273123?
7, 18638227
What are the prime factors of 85604309?
7, 12229187
What are the prime factors of 550792093?
97, 5678269
What are the prime factors of 699390642?
2, 3, 17, 6856771
List the prime factors of 68942240.
2, 5, 107, 4027
What are the prime factors of 1552689656?
2, 7, 565849
What are the prime factors of 491117428?
2, 37, 73, 131, 347
What are the prime factors of 268663227?
3, 7, 601, 3041
What are the prime factors of 4448732?
2, 37, 30059
What are the prime factors of 1914955267?
3889, 492403
List the prime factors of 106446147.
3, 35482049
What are the prime factors of 546683775?
3, 5, 11, 662647
List the prime factors of 52876306.
2, 7, 41, 92119
What are the prime factors of 2990473239?
3, 13, 757, 101293
What are the prime factors of 40412494?
2, 20206247
List the prime factors of 108388373.
108388373
List the prime factors of 1023004654.
2, 7, 79, 132137
What are the prime factors of 362269868?
2, 1597, 56711
What are the prime factors of 361763176?
2, 71, 613, 1039
What are the prime factors of 36981499?
1601, 23099
List the prime factors of 3529693757.
1381, 2555897
List the prime factors of 498444522.
2, 3, 17, 74